2113410?
390
What is the greatest common divisor of 940110 and 150?
30
What is the greatest common factor of 42196 and 462?
154
Calculate the highest common divisor of 102 and 7786.
34
Calculate the greatest common factor of 995 and 19701.
199
What is the highest common factor of 50505 and 525?
105
What is the highest common factor of 46886 and 2044?
14
What is the greatest common divisor of 236 and 356?
4
Calculate the greatest common factor of 17982 and 486.
486
What is the greatest common factor of 173716 and 2853?
317
Calculate the highest common factor of 6920256 and 63.
21
Calculate the greatest common factor of 111592 and 592.
296
What is the greatest common factor of 4 and 371256?
4
Calculate the greatest common factor of 18 and 13632.
6
Calculate the greatest common divisor of 7250 and 4000.
250
What is the highest common divisor of 1353 and 363?
33
What is the greatest common divisor of 1948 and 8056?
4
What is the highest common divisor of 8375 and 125?
125
Calculate the greatest common factor of 36 and 31452.
12
What is the greatest common divisor of 561 and 8364?
51
What is the greatest common divisor of 152025 and 375?
75
What is the highest common factor of 424398 and 234?
78
What is the greatest common factor of 31647 and 231?
231
Calculate the greatest common divisor of 5290 and 48070.
230
Calculate the highest common factor of 6447 and 273.
21
Calculate the highest common factor of 567 and 32697.
189
Calculate the highest common factor of 2523 and 4506919.
841
What is the greatest common factor of 36 and 69796?
4
What is the highest common divisor of 2130 and 72690?
30
What is the highest common factor of 103722 and 59?
59
Calculate the greatest common divisor of 132 and 572.
44
Calculate the highest common factor of 187145 and 2380.
35
What is the greatest common divisor of 687 and 164193?
687
Calculate the highest common factor of 2860 and 594.
22
Calculate the greatest common divisor of 1 and 251663.
1
Calculate the highest common divisor of 684733 and 644.
161
What is the highest common divisor of 24797 and 15747?
181
Calculate the highest common factor of 14059 and 6443.
17
Calculate the highest common factor of 436 and 652.
4
Calculate the greatest common divisor of 54096 and 14.
14
Calculate the greatest common divisor of 63276 and 12.
12
What is the highest common divisor of 34291 and 49819?
647
What is the highest common divisor of 1490670 and 45?
45
What is the greatest common divisor of 318617 and 13?
13
What is the greatest common divisor of 23416 and 104?
8
What is the greatest common factor of 39 and 2496533?
13
Calculate the greatest common divisor of 306 and 108834.
102
What is the highest common divisor of 460 and 19274?
46
Calculate the greatest common divisor of 963 and 505896.
321
Calculate the highest common factor of 2568 and 891524.
428
What is the greatest common divisor of 61081 and 136?
17
Calculate the greatest common divisor of 163254 and 276.
138
What is the greatest common factor of 105492 and 20001?
177
What is the highest common divisor of 13276 and 212?
4
What is the greatest common divisor of 12 and 146844?
12
What is the highest common divisor of 397980 and 220?
220
Calculate the greatest common factor of 59 and 398899.
59
Calculate the greatest common divisor of 1145 and 710.
5
Calculate the highest common divisor of 747996 and 332.
332
Calculate the greatest common factor of 2424 and 123.
3
What is the greatest common factor of 12489 and 59271?
69
Calculate the highest common factor of 12 and 7332348.
12
Calculate the highest common divisor of 28 and 20286.
14
Calculate the highest common factor of 38815 and 35.
35
Calculate the greatest common divisor of 10368 and 38718.
162
Calculate the greatest common divisor of 17136 and 100079.
119
Calculate the highest common divisor of 190 and 6292610.
190
Calculate the greatest common divisor of 122264 and 20088.
248
Calculate the highest common factor of 1755 and 155493.
351
Calculate the highest common factor of 66 and 521862.
66
What is the highest common divisor of 2177280 and 1260?
1260
Calculate the highest common factor of 3449019 and 42.
21
What is the highest common factor of 510 and 276709?
17
Calculate the highest common divisor of 54 and 832.
2
Calculate the highest common factor of 14812 and 966.
322
What is the highest common factor of 5731085 and 5?
5
Calculate the highest common factor of 4423630 and 20.
10
Calculate the highest common divisor of 19201 and 221.
13
What is the greatest common factor of 72145 and 10575?
235
What is the greatest common divisor of 1669593 and 414?
69
What is the greatest common factor of 1158894 and 2970?
594
What is the highest common factor of 11115 and 6210?
45
Calculate the greatest common divisor of 1210 and 8410.
10
Calculate the greatest common factor of 41626 and 208.
26
Calculate the greatest common divisor of 212 and 6926676.
212
Calculate the highest common factor of 6 and 2298.
6
What is the greatest common divisor of 312096 and 288?
96
What is the greatest common factor of 18 and 1087974?
18
What is the greatest common factor of 592513 and 131?
131
What is the highest common divisor of 1872 and 160316?
52
What is the greatest common divisor of 23504 and 4784?
208
What is the highest common factor of 4298 and 140?
14
What is the highest common divisor of 2193 and 3723?
51
What is the highest common divisor of 323 and 750023?
17
What is the greatest common factor of 1790 and 24?
2
What is the greatest common divisor of 1769 and 145?
29
Calculate the greatest common divisor of 5955 and 15.
15
Calculate the greatest common factor of 2454 and 2424.
6
Calculate the highest common divisor of 3786497 and 88.
11
Calculate the highest common factor of 543976 and 388.
388
Calculate the highest common divisor of 201360 and 72.
24
Calculate the greatest common divisor of 234000 and 226980.
2340
What is the highest common divisor of 12792 and 208?
104
Calculate the highest common factor of 1386 and 2030.
14
Calculate the highest common factor of 693 and 378477.
99
What is the greatest common factor of 1754565 and 3180?
795
Calculate the greatest common factor of 14849 and 5.
1
What is the greatest common divisor of 10755 and 195?
15
What is the greatest common factor of 15 and 66105?
15
Calculate the greatest common factor of 26340 and 20.
20
What is the greatest common factor of 29 and 1819779?
29
Calculate the greatest common factor of 8008 and 624.
104
Calculate the greatest common factor of 6431 and 55401.
59
Calculate the greatest common factor of 1102517 and 13.
13
Calculate the highest common factor of 18491 and 99.
11
Calculate the highest common factor of 793285 and 5.
5
What is the highest common divisor of 11815 and 493?
17
What is the greatest common divisor of 253040 and 80?
80
Calculate the greatest common divisor of 1944 and 7146.
18
What is the highest common divisor of 4330 and 10?
10
Calculate the greatest common factor of 146461 and 61.
61
Calculate the highest common divisor of 279287 and 734.
367
What is the greatest common divisor of 1769 and 19372?
29
Calculate the highest common divisor of 1077644 and 3936.
164
What is the greatest common factor of 187922 and 4330?
866
What is the highest common factor of 7 and 355369?
7
Calculate the greatest common factor of 1082568 and 1376.
344
What is the greatest common divisor of 23936 and 33?
11
What is the highest common divisor of 31401 and 189?
27
What is the highest common divisor of 76807 and 267?
89
What is the highest common divisor of 50128 and 7488?
208
What is the greatest common divisor of 5917 and 88328?
61
Calculate the highest common factor of 1042302 and 456.
114
What is the greatest common factor of 208 and 18544?
16
What is the greatest common factor of 332 and 3316?
4
Calculate the highest common divisor of 59806 and 68.
34
What is the highest common divisor of 3283278 and 34?
34
What is the greatest common factor of 418 and 4642?
22
Calculate the greatest common divisor of 1845 and 6355.
205
Calculate the highest common divisor of 657 and 826871.
73
Calculate the greatest common divisor of 1992 and 444.
12
Calculate the greatest common factor of 51 and 38964.
51
What is the highest common divisor of 15 and 1703525?